{"id":92,"date":"2025-06-16T22:24:14","date_gmt":"2025-06-17T03:24:14","guid":{"rendered":"https:\/\/congresos.uleam.edu.ec\/cictd\/?page_id=92"},"modified":"2025-07-16T09:16:18","modified_gmt":"2025-07-16T14:16:18","slug":"mas-informacion","status":"publish","type":"page","link":"https:\/\/congresos.uleam.edu.ec\/cictd\/mas-informacion\/","title":{"rendered":"Contactos"},"content":{"rendered":"\t\t<div data-elementor-type=\"wp-page\" data-elementor-id=\"92\" class=\"elementor elementor-92\">\n\t\t\t\t<div class=\"elementor-element elementor-element-da31e67 e-flex e-con-boxed e-con e-parent\" data-id=\"da31e67\" data-element_type=\"container\">\n\t\t\t\t\t<div class=\"e-con-inner\">\n\t\t\t\t<div class=\"elementor-element elementor-element-0d7c0d9 elementor-widget elementor-widget-heading\" data-id=\"0d7c0d9\" data-element_type=\"widget\" data-widget_type=\"heading.default\">\n\t\t\t\t<div class=\"elementor-widget-container\">\n\t\t\t\t\t<h3 class=\"elementor-heading-title elementor-size-default\">\u00bfTiene alguna consulta o comentario?<\/h3>\t\t\t\t<\/div>\n\t\t\t\t<\/div>\n\t\t\t\t<div class=\"elementor-element elementor-element-1fe62c9 elementor-widget elementor-widget-text-editor\" data-id=\"1fe62c9\" data-element_type=\"widget\" data-widget_type=\"text-editor.default\">\n\t\t\t\t<div class=\"elementor-widget-container\">\n\t\t\t\t\t\t\t\t\t<p>Escr\u00edbanos por correo electr\u00f3nico o cont\u00e1ctenos directamente por WhatsApp.<\/p>\t\t\t\t\t\t\t\t<\/div>\n\t\t\t\t<\/div>\n\t\t\t\t\t<\/div>\n\t\t\t\t<\/div>\n\t\t<div class=\"elementor-element elementor-element-0266f74 e-flex e-con-boxed e-con e-parent\" data-id=\"0266f74\" data-element_type=\"container\">\n\t\t\t\t\t<div class=\"e-con-inner\">\n\t\t<div class=\"elementor-element elementor-element-2246ca7 e-con-full e-flex e-con e-child\" data-id=\"2246ca7\" data-element_type=\"container\">\n\t\t\t\t<div class=\"elementor-element elementor-element-6f32b62 elementor-widget elementor-widget-image\" data-id=\"6f32b62\" data-element_type=\"widget\" data-widget_type=\"image.default\">\n\t\t\t\t<div class=\"elementor-widget-container\">\n\t\t\t\t\t\t\t\t\t\t\t\t\t\t\t<img fetchpriority=\"high\" decoding=\"async\" width=\"512\" height=\"513\" src=\"https:\/\/congresos.uleam.edu.ec\/cictd\/wp-content\/uploads\/sites\/4\/2025\/07\/charla.png\" class=\"attachment-large size-large wp-image-216\" alt=\"\" srcset=\"https:\/\/congresos.uleam.edu.ec\/cictd\/wp-content\/uploads\/sites\/4\/2025\/07\/charla.png 512w, https:\/\/congresos.uleam.edu.ec\/cictd\/wp-content\/uploads\/sites\/4\/2025\/07\/charla-300x300.png 300w, https:\/\/congresos.uleam.edu.ec\/cictd\/wp-content\/uploads\/sites\/4\/2025\/07\/charla-150x150.png 150w\" sizes=\"(max-width: 512px) 100vw, 512px\" \/>\t\t\t\t\t\t\t\t\t\t\t\t\t\t\t<\/div>\n\t\t\t\t<\/div>\n\t\t\t\t<div class=\"elementor-element elementor-element-e38a795 elementor-widget elementor-widget-text-editor\" data-id=\"e38a795\" data-element_type=\"widget\" data-widget_type=\"text-editor.default\">\n\t\t\t\t<div class=\"elementor-widget-container\">\n\t\t\t\t\t\t\t\t\t<p>Puede hacer clic en el bot\u00f3n o escribir a\u202foscar.molina@uleam.edu.ec<\/p>\t\t\t\t\t\t\t\t<\/div>\n\t\t\t\t<\/div>\n\t\t\t\t<div class=\"elementor-element elementor-element-e322cec elementor-align-center elementor-widget elementor-widget-button\" data-id=\"e322cec\" data-element_type=\"widget\" data-widget_type=\"button.default\">\n\t\t\t\t<div class=\"elementor-widget-container\">\n\t\t\t\t\t\t\t\t\t<div class=\"elementor-button-wrapper\">\n\t\t\t\t\t<a class=\"elementor-button elementor-button-link elementor-size-sm\" href=\"mailto:oscar.molina@uleam.edu.ec\" target=\"_blank\">\n\t\t\t\t\t\t<span class=\"elementor-button-content-wrapper\">\n\t\t\t\t\t\t\t\t\t<span class=\"elementor-button-text\">Enviar correo<\/span>\n\t\t\t\t\t<\/span>\n\t\t\t\t\t<\/a>\n\t\t\t\t<\/div>\n\t\t\t\t\t\t\t\t<\/div>\n\t\t\t\t<\/div>\n\t\t\t\t<\/div>\n\t\t<div class=\"elementor-element elementor-element-07c5784 e-con-full e-flex e-con e-child\" data-id=\"07c5784\" data-element_type=\"container\">\n\t\t\t\t<div class=\"elementor-element elementor-element-90abcc4 elementor-widget elementor-widget-image\" data-id=\"90abcc4\" data-element_type=\"widget\" data-widget_type=\"image.default\">\n\t\t\t\t<div class=\"elementor-widget-container\">\n\t\t\t\t\t\t\t\t\t\t\t\t\t\t\t<img decoding=\"async\" width=\"512\" height=\"512\" src=\"https:\/\/congresos.uleam.edu.ec\/cictd\/wp-content\/uploads\/sites\/4\/2025\/07\/whatsapp-1.png\" class=\"attachment-large size-large wp-image-217\" alt=\"\" srcset=\"https:\/\/congresos.uleam.edu.ec\/cictd\/wp-content\/uploads\/sites\/4\/2025\/07\/whatsapp-1.png 512w, https:\/\/congresos.uleam.edu.ec\/cictd\/wp-content\/uploads\/sites\/4\/2025\/07\/whatsapp-1-300x300.png 300w, https:\/\/congresos.uleam.edu.ec\/cictd\/wp-content\/uploads\/sites\/4\/2025\/07\/whatsapp-1-150x150.png 150w\" sizes=\"(max-width: 512px) 100vw, 512px\" \/>\t\t\t\t\t\t\t\t\t\t\t\t\t\t\t<\/div>\n\t\t\t\t<\/div>\n\t\t\t\t<div class=\"elementor-element elementor-element-e402720 elementor-widget elementor-widget-text-editor\" data-id=\"e402720\" data-element_type=\"widget\" data-widget_type=\"text-editor.default\">\n\t\t\t\t<div class=\"elementor-widget-container\">\n\t\t\t\t\t\t\t\t\t<p>Puede hacer clic en el siguiente bot\u00f3n para escribirnos por WhatsApp.<\/p>\t\t\t\t\t\t\t\t<\/div>\n\t\t\t\t<\/div>\n\t\t\t\t<div class=\"elementor-element elementor-element-fb88aad elementor-align-center elementor-widget elementor-widget-button\" data-id=\"fb88aad\" data-element_type=\"widget\" data-widget_type=\"button.default\">\n\t\t\t\t<div class=\"elementor-widget-container\">\n\t\t\t\t\t\t\t\t\t<div class=\"elementor-button-wrapper\">\n\t\t\t\t\t<a class=\"elementor-button elementor-button-link elementor-size-sm\" href=\"https:\/\/wa.me\/593996326662\" target=\"_blank\">\n\t\t\t\t\t\t<span class=\"elementor-button-content-wrapper\">\n\t\t\t\t\t\t\t\t\t<span class=\"elementor-button-text\">Enviar whatsapp<\/span>\n\t\t\t\t\t<\/span>\n\t\t\t\t\t<\/a>\n\t\t\t\t<\/div>\n\t\t\t\t\t\t\t\t<\/div>\n\t\t\t\t<\/div>\n\t\t\t\t<\/div>\n\t\t\t\t\t<\/div>\n\t\t\t\t<\/div>\n\t\t<div class=\"elementor-element elementor-element-ef21fb5 e-flex e-con-boxed e-con e-parent\" data-id=\"ef21fb5\" data-element_type=\"container\">\n\t\t\t\t\t<div class=\"e-con-inner\">\n\t\t\t\t<div class=\"elementor-element elementor-element-88bcd76 elementor-widget elementor-widget-text-editor\" data-id=\"88bcd76\" data-element_type=\"widget\" data-widget_type=\"text-editor.default\">\n\t\t\t\t<div class=\"elementor-widget-container\">\n\t\t\t\t\t\t\t\t\t<p style=\"font-size:11px;color:#6f6f6f;line-height:1.4;margin:0\">\n  En el Primer Congreso Internacional de Comunicaci\u00f3n y Transformaci\u00f3n Digital\u202f2025, su privacidad es primordial. Queremos que sepa que sus datos personales no ser\u00e1n compartidos con terceros. Su uso ser\u00e1 exclusivo para fines informativos y organizativos del evento, asegurando que solo reciba comunicaciones relevantes y directamente relacionadas con su participaci\u00f3n en el congreso.\n<\/p>\n\t\t\t\t\t\t\t\t<\/div>\n\t\t\t\t<\/div>\n\t\t\t\t\t<\/div>\n\t\t\t\t<\/div>\n\t\t\t\t<\/div>\n\t\t","protected":false},"excerpt":{"rendered":"<p>\u00bfTiene alguna consulta o comentario? Escr\u00edbanos por correo electr\u00f3nico o cont\u00e1ctenos directamente por WhatsApp. Puede hacer clic en el bot\u00f3n o escribir a\u202foscar.molina@uleam.edu.ec Enviar correo Puede hacer clic en el siguiente bot\u00f3n para escribirnos por WhatsApp. Enviar whatsapp En el Primer Congreso Internacional de Comunicaci\u00f3n y Transformaci\u00f3n Digital\u202f2025, su privacidad es primordial. Queremos que sepa que sus datos personales no [&hellip;]<\/p>\n","protected":false},"author":3,"featured_media":0,"parent":0,"menu_order":0,"comment_status":"closed","ping_status":"closed","template":"","meta":{"footnotes":""},"class_list":["post-92","page","type-page","status-publish","hentry"],"_links":{"self":[{"href":"https:\/\/congresos.uleam.edu.ec\/cictd\/wp-json\/wp\/v2\/pages\/92","targetHints":{"allow":["GET"]}}],"collection":[{"href":"https:\/\/congresos.uleam.edu.ec\/cictd\/wp-json\/wp\/v2\/pages"}],"about":[{"href":"https:\/\/congresos.uleam.edu.ec\/cictd\/wp-json\/wp\/v2\/types\/page"}],"author":[{"embeddable":true,"href":"https:\/\/congresos.uleam.edu.ec\/cictd\/wp-json\/wp\/v2\/users\/3"}],"replies":[{"embeddable":true,"href":"https:\/\/congresos.uleam.edu.ec\/cictd\/wp-json\/wp\/v2\/comments?post=92"}],"version-history":[{"count":18,"href":"https:\/\/congresos.uleam.edu.ec\/cictd\/wp-json\/wp\/v2\/pages\/92\/revisions"}],"predecessor-version":[{"id":227,"href":"https:\/\/congresos.uleam.edu.ec\/cictd\/wp-json\/wp\/v2\/pages\/92\/revisions\/227"}],"wp:attachment":[{"href":"https:\/\/congresos.uleam.edu.ec\/cictd\/wp-json\/wp\/v2\/media?parent=92"}],"curies":[{"name":"wp","href":"https:\/\/api.w.org\/{rel}","templated":true}]}}