{"id":55,"date":"2025-06-15T21:04:57","date_gmt":"2025-06-16T02:04:57","guid":{"rendered":"https:\/\/congresos.uleam.edu.ec\/cictd\/?page_id=55"},"modified":"2025-10-06T13:51:20","modified_gmt":"2025-10-06T18:51:20","slug":"inscripcion","status":"publish","type":"page","link":"https:\/\/congresos.uleam.edu.ec\/cictd\/inscripcion\/","title":{"rendered":"Inscripci\u00f3n"},"content":{"rendered":"\n<div class=\"wp-block-columns is-layout-flex wp-container-core-columns-is-layout-9d6595d7 wp-block-columns-is-layout-flex\">\n<div class=\"wp-block-column is-layout-flow wp-block-column-is-layout-flow\" style=\"flex-basis:33.33%\">\n<figure class=\"wp-block-image size-full\"><img fetchpriority=\"high\" decoding=\"async\" width=\"381\" height=\"526\" src=\"https:\/\/congresos.uleam.edu.ec\/cictd\/wp-content\/uploads\/sites\/4\/2025\/06\/inscripcion.jpg\" alt=\"\" class=\"wp-image-64\" srcset=\"https:\/\/congresos.uleam.edu.ec\/cictd\/wp-content\/uploads\/sites\/4\/2025\/06\/inscripcion.jpg 381w, https:\/\/congresos.uleam.edu.ec\/cictd\/wp-content\/uploads\/sites\/4\/2025\/06\/inscripcion-217x300.jpg 217w\" sizes=\"(max-width: 381px) 100vw, 381px\" \/><\/figure>\n<\/div>\n\n\n\n<div class=\"wp-block-column is-layout-flow wp-block-column-is-layout-flow\" style=\"flex-basis:66.66%\">\n<p><strong>MODALIDADES<\/strong><\/p>\n\n\n\n<p>El Congreso se desarrollar\u00e1 en modalidad h\u00edbrida. El <strong>mi\u00e9rcoles 8 de octubre<\/strong>, de 08h00 a 17h00, se realizar\u00e1n <strong>cuatro conferencias magistrales presenciales<\/strong> con transmisi\u00f3n en l\u00ednea. El <strong>jueves 9 de octubre<\/strong>, de 09h30 a 17h00, se presentar\u00e1n <strong>39 ponencias acad\u00e9micas en modalidad virtual<\/strong>, organizadas en <strong>tres sesiones paralelas<\/strong>.<\/p>\n\n\n\n<div class=\"wp-block-buttons alignwide is-content-justification-center is-layout-flex wp-container-core-buttons-is-layout-16018d1d wp-block-buttons-is-layout-flex\">\n<div class=\"wp-block-button has-custom-width wp-block-button__width-100 is-style-outline is-style-outline--1\"><a class=\"wp-block-button__link has-white-color has-text-color has-background has-link-color has-small-font-size has-custom-font-size wp-element-button\" href=\"https:\/\/drive.google.com\/file\/d\/1nGz2dkX3RlRmZ3cyhXelQkpSnsZ7uIcq\/view?usp=sharing\" style=\"border-radius:15px;background-color:#2a4a83\"><strong>Descargue aqu\u00ed la agenda oficial<\/strong><\/a><\/div>\n<\/div>\n\n\n\n<p><\/p>\n\n\n\n<p><strong>Costos de inscripci\u00f3n<\/strong> <\/p>\n\n\n\n<figure class=\"wp-block-table is-style-stripes\"><table><tbody><tr><td class=\"has-text-align-left\" data-align=\"left\"><strong>Tipo de participaci\u00f3n<\/strong><\/td><td class=\"has-text-align-right\" data-align=\"right\"><strong>Precio<\/strong><\/td><td class=\"has-text-align-right\" data-align=\"right\"><strong>Fecha de cierre<\/strong><\/td><\/tr><tr><td class=\"has-text-align-left\" data-align=\"left\">Ponentes externos*<\/td><td class=\"has-text-align-right\" data-align=\"right\">USD $40.00<\/td><td class=\"has-text-align-right\" data-align=\"right\">Hasta el 30 de septiembre<\/td><\/tr><tr><td class=\"has-text-align-left\" data-align=\"left\">Ponentes docentes ULEAM*<\/td><td class=\"has-text-align-right\" data-align=\"right\">USD $30.00<\/td><td class=\"has-text-align-right\" data-align=\"right\">Hasta el 30 de septiembre<\/td><\/tr><tr><td class=\"has-text-align-left\" data-align=\"left\">Ponentes estudiantes ULEAM*<\/td><td class=\"has-text-align-right\" data-align=\"right\">USD $20.00<\/td><td class=\"has-text-align-right\" data-align=\"right\">Hasta el 30 de septiembre<\/td><\/tr><tr><td class=\"has-text-align-left\" data-align=\"left\">Asistentes profesionales<\/td><td class=\"has-text-align-right\" data-align=\"right\">USD $20.00<\/td><td class=\"has-text-align-right\" data-align=\"right\">Hasta el 6 de octubre<\/td><\/tr><tr><td class=\"has-text-align-left\" data-align=\"left\">Asistentes estudiantes ULEAM<\/td><td class=\"has-text-align-right\" data-align=\"right\">USD $10.00<\/td><td class=\"has-text-align-right\" data-align=\"right\">Hasta el 6 de octubre<\/td><\/tr><\/tbody><\/table><figcaption class=\"wp-element-caption\"><em>*La tasa de costo de participaci\u00f3n para los ponentes, es por cada autor que conste en la ponencia<\/em>. Para personas con discapacidad se aplicar\u00e1 un 20% de descuento<\/figcaption><\/figure>\n\n\n\n<p>Los pagos de inscripci\u00f3n deber\u00e1n realizarse por transferencia o dep\u00f3sito bancario a nombre de la <strong>Empresa P\u00fablica de Producci\u00f3n y Desarrollo Estrat\u00e9gico de la Universidad Laica Eloy Alfaro de Manab\u00ed, RUC: 1768178520001<\/strong>.&nbsp;A continuaci\u00f3n, las cuentas disponibles:<\/p>\n\n\n\n<figure class=\"wp-block-table\"><table class=\"has-fixed-layout\"><tbody><tr><td><strong>Banco Pichincha<\/strong><\/td><td><strong>Banco del Pac\u00edfico<\/strong><\/td><\/tr><tr><td>Cta Corriente<br>2100132108<br>Subl\u00ednea 130127<\/td><td>Cta. Corriente<br>7603557<\/td><\/tr><\/tbody><\/table><\/figure>\n\n\n\n<p><strong>Importante:<\/strong><br>Para realizar su pago con&nbsp;<strong>tarjeta de cr\u00e9dito o d\u00e9bito<\/strong>, utilice el enlace correspondiente:<\/p>\n\n\n\n<p><strong>Asistente estudiante ULEAM:<\/strong>&nbsp;<a href=\"https:\/\/ppls.me\/8G8x3ubADECvhhj3Z3mSbQ\">https:\/\/ppls.me\/8G8x3ubADECvhhj3Z3mSbQ<\/a> <\/p>\n\n\n\n<p><strong>Asistente externo (profesional o no perteneciente a ULEAM):<\/strong>&nbsp;<a href=\"https:\/\/ppls.me\/Wsu8GMhaeAe0ik1RGMO8jQ\">https:\/\/ppls.me\/Wsu8GMhaeAe0ik1RGMO8jQ<\/a><\/p>\n\n\n\n<p><em>Nota: Este m\u00e9todo de pago aplica un recargo adicional del 5% m\u00e1s IVA.<\/em><\/p>\n\n\n\n<div class=\"wp-block-buttons is-layout-flex wp-block-buttons-is-layout-flex\">\n<div class=\"wp-block-button has-custom-width wp-block-button__width-100 is-style-outline is-style-outline--2\"><a class=\"wp-block-button__link has-white-color has-text-color has-background has-link-color has-custom-font-size wp-element-button\" href=\"https:\/\/forms.gle\/jHeHa9Ar3RF41Fm2A\" style=\"border-radius:15px;background-color:#2a4a83;font-size:15px\" target=\"_blank\" rel=\"noreferrer noopener\"><strong>Ir al formulario de inscripci\u00f3n<\/strong><\/a><\/div>\n\n\n\n<div class=\"wp-block-button has-custom-width wp-block-button__width-100 is-style-outline is-style-outline--3\"><a class=\"wp-block-button__link has-white-color has-text-color has-background has-link-color has-custom-font-size wp-element-button\" href=\"https:\/\/congresos.uleam.edu.ec\/cictd\/agenda\/\" style=\"border-radius:15px;background-color:#e91e63;font-size:15px\" rel=\"nofollow\"><strong>Ver temas de ponencias<\/strong><\/a><\/div>\n<\/div>\n<\/div>\n<\/div>\n\n\n\n<p><\/p>\n","protected":false},"excerpt":{"rendered":"<p>MODALIDADES El Congreso se desarrollar\u00e1 en modalidad h\u00edbrida. El mi\u00e9rcoles 8 de octubre, de 08h00 a 17h00, se realizar\u00e1n cuatro conferencias magistrales presenciales con transmisi\u00f3n en l\u00ednea. El jueves 9 de octubre, de 09h30 a 17h00, se presentar\u00e1n 39 ponencias acad\u00e9micas en modalidad virtual, organizadas en tres sesiones paralelas. Costos de inscripci\u00f3n Tipo de participaci\u00f3n Precio Fecha de cierre Ponentes [&hellip;]<\/p>\n","protected":false},"author":3,"featured_media":0,"parent":0,"menu_order":0,"comment_status":"closed","ping_status":"closed","template":"","meta":{"footnotes":""},"class_list":["post-55","page","type-page","status-publish","hentry"],"_links":{"self":[{"href":"https:\/\/congresos.uleam.edu.ec\/cictd\/wp-json\/wp\/v2\/pages\/55","targetHints":{"allow":["GET"]}}],"collection":[{"href":"https:\/\/congresos.uleam.edu.ec\/cictd\/wp-json\/wp\/v2\/pages"}],"about":[{"href":"https:\/\/congresos.uleam.edu.ec\/cictd\/wp-json\/wp\/v2\/types\/page"}],"author":[{"embeddable":true,"href":"https:\/\/congresos.uleam.edu.ec\/cictd\/wp-json\/wp\/v2\/users\/3"}],"replies":[{"embeddable":true,"href":"https:\/\/congresos.uleam.edu.ec\/cictd\/wp-json\/wp\/v2\/comments?post=55"}],"version-history":[{"count":35,"href":"https:\/\/congresos.uleam.edu.ec\/cictd\/wp-json\/wp\/v2\/pages\/55\/revisions"}],"predecessor-version":[{"id":606,"href":"https:\/\/congresos.uleam.edu.ec\/cictd\/wp-json\/wp\/v2\/pages\/55\/revisions\/606"}],"wp:attachment":[{"href":"https:\/\/congresos.uleam.edu.ec\/cictd\/wp-json\/wp\/v2\/media?parent=55"}],"curies":[{"name":"wp","href":"https:\/\/api.w.org\/{rel}","templated":true}]}}